ulate -63 + (25 + -52 + 0 - -43).
-47
Calculate -96 + (-65 - -132) + -56.
-85
What is the value of -77 - (253 + -64 - 116)?
-150
What is -12 - (-22 + (17 - 10 - 21))?
24
What is the value of -10 + -2 + 22 + (1 - (8 - -5))?
-2
(-1127 - -1116) + (121 - (-2 + 5 + -1 - -3))
105
Calculate -11 + (-10 - (-1 + -13 + (7 - 1))).
-13
What is (-5 + -43 - (-1 - 8)) + -4 + -8 - -2?
-49
Calculate -166 - (-79 - -103 - 97).
-93
37716 - 37698 - (-1 + 0 - (4 - (1 + -1)))
23
What is 1 + 1 - ((2 - -15) + (189 - 181))?
-23
What is 68 + (7 - -2 - (-42 - -34)) + 9?
94
-131 - -25 - -42 - ((1 - 6 - 0) + 0)
-59
What is the value of (2 - ((0 - 3) + 2)) + (1079 - 1103)?
-21
Calculate (-7 - 1) + (11 + (-5 - 10) - 5) + 1.
-16
-2 + 51 + (24 + -69 - -39)
43
What is -18 + 71 + (13 + (-11 - -8) - 31)?
32
Evaluate (35 - 130 - -61) + 76 + 4.
46
What is 169 - (125 - (10 - -33))?
87
Evaluate -12 + (1 - -40) + -16 + 30.
43
What is (78 - -1 - 75) + (2 - -13)?
19
What is the value of (0 + -54 + (71 - 72) - 14) + 13?
-56
What is the value of -19 + (53 + 0 - (4 - 27))?
57
What is the value of -6 + (-27 - (-1 - 16)) + -63?
-79
Calculate -5 + 5 - ((-31 - -21) + -40).
50
What is (17 - 21 - -18) + (-27 - 2)?
-15
Evaluate 27 + 5 + -43 + 10 + 4.
3
Calculate 1 - 40 - (92 + -103 - -9).
-37
Calculate -18 + 68 + 29 + -58.
21
Calculate -1 - 19 - (-1673 + 1659).
-6
What is -3 - -18 - (-41 + 57 + -56)?
55
What is the value of -112 - (139 + -137) - (-7 + 2 + (-2 - 0))?
-107
Evaluate (-123 - -6) + (-62 - (87 + -132)).
-134
What is 12 + (-8 - -7) - (5 - (4 + (7 - -5)))?
22
Calculate (-8 - -1) + (-10 + -26 - -27 - 4).
-20
Calculate (6 - (5 + 14)) + 10 + 0.
-3
(7 - -6 - (-1 + 6)) + -124 + 3 + 2
-111
What is the value of 15 - 0 - (-7 + -7 + 1 + 9)?
19
What is (-29 - -55 - (30 - -11)) + (78 - -3)?
66
What is the value of -13 - 0 - ((6 - -4) + -34 + 1 + -24)?
34
-12 + -1 + (-327 - -304)
-36
What is 90 + -76 + (-41 - 1) - (-7 - 1)?
-20
Calculate 80 - 28 - 45 - (1 - -11).
-5
Calculate (-10 - 0) + 86 + -66 - (-4 - -31).
-17
Evaluate -6 - (7 + (-11 + 20 - 38) - -14).
2
What is the value of (-5 - -97) + (14 - -45) + -39?
112
What is the value of 2 + 1 - -23 - (-1027 - -1042)?
11
What is the value of -47 + -2 + (7 - 0 - (185 - 186))?
-41
What is -4 - (-13 - ((7 - 0) + -23))?
-7
49 + (18 - (0 - (-15 + (14 - 13))))
53
What is 23 - (-93 - (93 - 176) - (1 - 0))?
34
Calculate (-10 - -2) + (-14 - -6 - -27) - 10.
1
Evaluate 53 + -82 - -55 - (10 + 0 - 4).
20
166 + (7 - (-39 - -72) - (-12 + (0 - 0)))
152
Calculate 4 - (5 + 1 + -16 - (16 + 5)).
35
What is the value of (-94 - -21) + 12 + -11 + (-11 - -10 - 10)?
-83
-25 + 7 + 32 + -12 - -30
32
What is the value of (5 - (-40 + 9)) + (-40 - 4)?
-8
Evaluate -174 - -188 - (1 - -2) - -32.
43
What is the value of -36 + -98 + -12 + 261?
115
Calculate -47 - ((97 - 12) + -88).
-44
-1 - -43 - (-131 - -182)
-9
What is the value of -9 + -50 + 4 + (10 - 11) + 14 + -22?
-64
Evaluate 4 + -3 - 0 - (-160 - (77 + -258)).
-20
What is (-99 - -173) + -94 + 46?
26
Calculate -50 - (82 + -81 - 27).
-24
91 - -140 - (158 - 39)
112
-3 - (-10 - -1 - ((0 - (3 + -26)) + -18))
11
Calculate -177 - ((-225 - -55) + 92).
-99
Evaluate (1 - (-39 + (25 - 44))) + -6 + -1.
52
What is 1 + (17 + 60 - 87)?
-9
(-4 - (-67 + 32)) + 22
53
Evaluate (-2 + 23 - (1351 - 1313)) + -1 + 15.
-3
Calculate 41 - (11 + (196 - 153)).
-13
Calculate -159 + -37 + 118 + -2 + 25.
-55
Calculate -6 + (6 - ((-2 - (-14 - -35)) + 4)).
19
What is (1 - 37 - -3) + (-89 + 14 - -67)?
-41
Evaluate 29 + (115 - 136) - (-6 - (-1 + 0)).
13
Calculate 10 - ((-11 - -1 - -11 - 9) + (24 - 10)).
4
What is the value of -119 + 70 + 21 + 17?
-11
59 - (28 - (73 + -42))
62
What is 16 + (-6 - -6) + -25 + (-5 - -95)?
81
What is (-30 - -8) + (16 + -26 - -139)?
107
-3 + -37 + 51 + -26
-15
What is the value of -13 + 1 - (-33 + 1 + 15) - (-48 + -3)?
56
28 - (6 - 5 - -16)
11
What is the value of 0 - 0 - (439 + -453 - (2 + -2))?
14
What is (-17 + 26 - 87) + (5 - 2) + -4?
-79
Calculate 2 - (2 + 4) - 2 - (-234 - -238) - -92.
82
-1 + (17 - 2) + -1 + (15 + -14 - 0)
14
Calculate -140 + 182 - 31 - (79 + 1).
-69
Calculate 28 + -149 + 61 - -73.
13
What is -151 + 6 - (1438 - 1548)?
-35
Calculate 1 + -24 + 42 + -9 + (-1 - 90).
-81
Evaluate (84 - -32 - 95) + -110.
-89
-79 + (35 - ((29 - -3) + -3))
-73
What is the value of 690 - 706 - (-1 + -19) - (-2 + 55 - -1)?
-50
Evaluate 12597 + -12567 + (0 - 6).
24
1 + (0 - -2 - (-129 - -161))
-29
0 + 8 - (97 - 17 - 69) - (0 - 58)
55
What is the value of (-202 - (-32 - 129)) + 124?
83
Calculate 3 - 11 - (-7 + -2 + 7 + 39 + 1).
-46
-5 + 26 + 3 + -6 + (0 - 12) + 10
16
What is 3 - 7 - 6 - (-1118 - -1084)?
24
Calculate 6 + (0 - 1) - (64 + (1 - -1)).
-61
Evaluate 68 - (4 - (14 + -76)).
2
Evaluate 61 + -78 + -1 + 72 - (-1 - -13).
42
-4 + 1 + -1 - (811 + -784 - (-27 - -3))
-55
(-2 + -1 + -16 - (-2520 + 2500)) + -1 + 47
47
Evaluate -13 - 1 - (22 - (-56 - (-70 + 71))).
-93
Evaluate 0 + -37 + -26 - (1 + -9).
-55
What is 3 - 0 - ((16 - -98) + -22 - 52)?
-37
5534 + -5480 + (-26 - 0)
28
Calculate 141 + (-65 - -12) - 169.
-81
Calculate 14 + (-2 - 1 - (10 - (-30 - -38))).
9
Evaluate 28 + (7 - -19 - 36) + -112.
-94
What is the value of -16 - (-11 + 8 + -1) - (35 + -8)?
-39
What is 52 - (0 - -3) - (8 + 14 + -25 - -7)?
45
Calculate -21 - (5 - 7) - (161 + -230).
50
5 + 56 + (-6 + 21 + (-20 - -10) - 9)
57
Evaluate (5 + -8 - (-13 - -11)) + (-43 - (-2 - 0)).
-42
Evaluate -8 + (2 + 30 + -6 - (-51 - -64)).
5
What is -21 + (19 - 26) + 23 - -9 - (80 + -2)?
-74
What is 17 + 7 + -14 + 9 + -6?
13
Calculate (1 - (-2 - -2) - -1) + -46 + -124 + 132.
-36
What is -20 - (19 - (-21 + 12)) - (-10 + -1)?
-37
Evaluate (-3 - 0) + (60 - (1 + 14)) + 17 + 1.
60
Calculate (423 - 338) + (-19 - 87).
-21
Calculate -4 - -1 - (3 + 7) - (-48 - (-19 - 29)).
-13
Evaluate -7 - (189 + -157 + (0 - 60)).
21
What is the value of -3 - (-47 + 21) - 46?
-23
What is (-104 - 0 - (-16 + 18)) + -734 + 747?
-93
7 - (4 + -26 + 7 - 30)
52
What is 27 - (-37 - (-101 - 26))?
-63
Evaluate (42 - (150 - 72)) + -2.
-38
What is the value of (-13 - (-7 - -46)) + (7 - -1)?
-44
What is -18 + 0 - (62 - 76) - (20 - (9 - 5))?
-20
What is (99 - -2) + (590 - 628)?
63
1 + 3 + -2 + (-3 - 13) + 9 + 2
-3
109 + (-236 + 81 - -91)
45
Evaluate -47 + -1 - (-2 + -1 + -6) - 4 - 9.
-52
Evaluate 15 + -56 + 59 - -42.
60
Calculate 19 - (-100 - -63) - 52.
4
Evaluate -17 - (2 + -17 + 16 + 4).
-22
Evaluate (-58 - (-2 + (0 - -3))) + -90 + 61 + 39.
-49
Calculate (27 + -83 - -44 - -20) + (-1 + 2 - 105).
-96
Calculate -103 - (-163 + 125 + 40 - (-11 + (0 - -1))).
-115
Calculate (-169 - -212) + (-66 - 1).
-24
What is the value of 15 - (22 + -26 - -17 - -8)?
-6
-64 - 0 - ((-32 - (20 - 40)) + -3 + 10)
-59
Evaluate 74 - 31 - (-1 + 21) - 17.
6
Calculate 13 - (-24 + 34 - (-6 + 4 - 15)).
-14
Calculate -9 + (39 - 7) + -37.
-14
Calculate 0 + -1 + (32 - (21 + 6 - -2)).
2
What is the value of 4 + 14 + 4 + -2 + -10?
10
Evaluate (-12 + -1 + 16 - (2 + 1)) + -36.
-36
Calculate (3 - (-5 - -7)) + (-53 - -10).
-42
3 - (-3 - (3 + -1 - 3)) - (726 + -691)
-30
8 - (-93 + 0 + (0 - -40) + -26)
87
Evaluate (-5 + 2 - (11 - (3 - -8))) + 11 + -15.
-7
79 - 42 - 30 - 13
-6
Calculate -12 + -1 - (-103 - 12 - -105).
-3
What is (5 - -5 - 6) + (89 - 45) + -28?
20
Evaluate -15 + 0 + (-27 + 41 - 32).
-33
What is the value of 96 + -87 + -48 - (1 - -32)?
-72
What is the value of -1046 - -1100 - (2 + 25)?
27
-7 - (-44 - -16) - 114
-93
What is the value of 55 + -89 + 13 + 15?
-6
Evaluate -1 + 13 + 1 + -1 + -15989 + 16002.
25
What is (1 + 10 - 3) + (-2 - 46) + 4?
-36
Calculate (41 - 11) + 32 + 2 + -20.
44
-9 + 23 + -16 + -8 + -2
-12
What is 137 - (-1 + -23 + -694 + 749)?
106
What is (0 - -2) + 34 - (1922 + -1749)?
-137
What is the value of -6 + -30 - (-23 + 22) - (-3 + 12 + -25)?
-19
Evaluate (4 + -153 - -167) + (2 - -32).
52
Calculate -8 + (-17 - -11 - -17 - (-1 + 3 - 12)).
13
Calculate (21 - 17) + -1 + 39 + -3 - -5.
44
Evaluate (7 - 9) + 173 + -189 + (66 - 0) - 4.
44
Calculate (-2727 - -2738) + (-60 - (-4 - -6)).
-51
Evaluate -8 + (-6 - -14 - 12) + 21 + 8 + 0.
17
What is the value of (220 - (-206 + 369)) + (28 - -2)?
87
Calculate 5 - (49 + -30 - (9 - -11)).
6
What is (4525 - 4525) + (-3 + 1 - 1) + -3?
-6
What is the value of -21 + 1 + 13 + (-169 - -170) + 47?
41
Calculate 25 + 2 - (